In base 13, what is 1 + 11350b?
11350c
In base 16, what is 1781 - -4?
1785
In base 3, what is 110221 + 11200012?
12011010
In base 8, what is 1511371 + -4?
1511365
In base 15, what is 177 + -b?
16b
In base 13, what is -11c5b32 - 3?
-11c5b35
In base 4, what is -103 - 22210?
-22313
In base 12, what is -3418 - -2?
-3416
In base 16, what is 5 + a85ad?
a85b2
In base 8, what is 1 - 65104?
-65103
In base 6, what is 0 + -42452?
-42452
In base 14, what is -2 + -192467?
-192469
In base 3, what is -111121021 + -111?
-111121202
In base 16, what is -6 + 1d22d?
1d227
In base 2, what is -11110101000111101110 - -100?
-11110101000111101010
In base 11, what is -463 - -195a?
14a7
In base 6, what is -203153 + -2?
-203155
In base 2, what is -1 - 101100011010011?
-101100011010100
In base 2, what is -10011101101 - -11110000100?
1010010111
In base 14, what is -31 + -30b?
-33c
In base 9, what is -16 + 205631?
205614
In base 10, what is -110 - -8372?
8262
In base 8, what is 5 - -34347?
34354
In base 16, what is e39 + 4?
e3d
In base 10, what is -24626 - 8?
-24634
In base 11, what is 193 - -104?
297
In base 3, what is -1 + -2120112022?
-2120112100
In base 10, what is -163717 - 1?
-163718
In base 6, what is 11252 - 234?
11014
In base 11, what is -3 + 1074?
1071
In base 9, what is 46 + -33412?
-33355
In base 12, what is -2 - 108b?
-1091
In base 15, what is -15080 + 3?
-1507c
In base 4, what is -201200011 + -3?
-201200020
In base 16, what is -2f - -2163?
2134
In base 12, what is 899 - -10?
8a9
In base 3, what is -212111 + -20110?
-1002221
In base 6, what is -1215203 + 4?
-1215155
In base 12, what is ab401 - 4?
ab3b9
In base 7, what is -32 - -6314?
6252
In base 16, what is -3 + 767?
764
In base 4, what is 11213 + -113?
11100
In base 15, what is -146 - -42?
-104
In base 7, what is -1131 + -562?
-2023
In base 6, what is -3 - -4434505?
4434502
In base 8, what is 1 + -2321?
-2320
In base 16, what is -90 + 17?
-79
In base 16, what is -1 - -177c?
177b
In base 10, what is -73 + 22953?
22880
In base 14, what is -3 - d2b?
-d30
In base 5, what is 333301 + 3?
333304
In base 7, what is -22516 + -1123?
-23642
In base 5, what is -3 - -244203?
244200
In base 8, what is -4165 - 106?
-4273
In base 3, what is -2110102 + -22?
-2110201
In base 3, what is 102 + -1220100?
-1212221
In base 6, what is 145442 - -213?
150055
In base 13, what is 209 + 31?
23a
In base 10, what is 559297 - -1?
559298
In base 12, what is -ba09 + 24?
-b9a5
In base 6, what is 3 - -350425?
350432
In base 5, what is -1230430 - 2?
-1230432
In base 9, what is 0 + -61723?
-61723
In base 4, what is -10231131 + -112?
-10231303
In base 10, what is -3512 - -27?
-3485
In base 10, what is 147220 + 1?
147221
In base 12, what is -1b5 + 2231?
2038
In base 9, what is -35458 - -11?
-35447
In base 15, what is -6 - 8ee?
-905
In base 13, what is 680c7a + 0?
680c7a
In base 4, what is -112 - 11231013?
-11231131
In base 8, what is 15 + -30622?
-30605
In base 6, what is 20131 - -3405?
23540
In base 13, what is -8c + -c6b?
-102a
In base 14, what is 25 - -30ca?
3111
In base 12, what is 1505338 + 1?
1505339
In base 13, what is -1c + -34?
-53
In base 9, what is 5 + 15663?
15668
In base 8, what is -161447 - -1?
-161446
In base 15, what is 22 + -2ee?
-2cc
In base 2, what is 100100 - 100010001011?
-100001100111
In base 12, what is -249 - 323?
-570
In base 2, what is -10110 + -1110011110?
-1110110100
In base 16, what is -3bb - -11?
-3aa
In base 3, what is 2211102 + -2220?
2201112
In base 10, what is 297854 + -2?
297852
In base 8, what is 74372 - 5?
74365
In base 12, what is 194 + b6?
28a
In base 5, what is -3 + -12212244?
-12212302
In base 2, what is 11101100110 - -10010111?
11111111101
In base 9, what is -486 - 8675?
-10272
In base 5, what is -2 - 311112?
-311114
In base 16, what is 1f + -471?
-452
In base 10, what is 118 - 118?
0
In base 13, what is -33b7c + 7?
-33b75
In base 3, what is -1 - 10002202101?
-10002202102
In base 8, what is 1263 - 304?
757
In base 13, what is 12928 + -8?
12920
In base 4, what is 121212121 - 0?
121212121
In base 16, what is -61e - 14?
-632
In base 13, what is -305 + a96?
791
In base 13, what is -28701 - -5?
-286c9
In base 12, what is 2 + 800a7?
800a9
In base 14, what is -15218 - 0?
-15218
In base 9, what is 55 + 165057?
165123
In base 2, what is -100000 + 1001000100011001?
1001000011111001
In base 3, what is -1110121 - 22012102?
-100200000
In base 8, what is -21 - 24052?
-24073
In base 5, what is 102 + 30444?
31101
In base 6, what is 51440 - 421?
51015
In base 12, what is 7 - -355?
360
In base 6, what is 20500 + -1?
20455
In base 9, what is -55687 - 1?
-55688
In base 4, what is 12021300 - -1213?
12023113
In base 9, what is -1831 - 12?
-1843
In base 10, what is 750224 + 4?
750228
In base 9, what is 3 + 10718?
10722
In base 15, what is -71 + 7?
-69
In base 14, what is -1a - 11038?
-11054
In base 4, what is -20320122322 - 0?
-20320122322
In base 2, what is -1100 + -110001110?
-110011010
In base 15, what is 1a + -399?
-37e
In base 10, what is 1299709 - -3?
1299712
In base 9, what is -8522 - -8?
-8513
In base 14, what is 1c + -55d?
-541
In base 12, what is 160 + 20?
180
In base 11, what is -4 - -298109?
298105
In base 13, what is -1a67 - -234?
-1833
In base 2, what is 1011101111 + -1111?
1011100000
In base 6, what is 3224354 - -2?
3224400
In base 13, what is 2 + 2a4a?
2a4c
In base 15, what is 9 + -79c8?
-79be
In base 9, what is -3 + 241323?
241320
In base 10, what is -21322 + -1?
-21323
In base 10, what is -335 - 87?
-422
In base 14, what is -4 - 955c3?
-955c7
In base 6, what is -4 + 414050?
414042
In base 9, what is -6 - -75158?
75152
In base 8, what is 52 + -1263?
-1211
In base 2, what is -111000001 - -100010110?
-10101011
In base 9, what is -88668 + 2?
-88666
In base 15, what is -2 - -193?
191
In base 12, what is -781 + 4b?
-732
In base 6, what is -3 - 100002?
-100005
In base 12, what is -5 + 639348?
639343
In base 13, what is -64c7 + 1?
-64c6
In base 5, what is -41 - 41141?
-41232
In base 11, what is -11178 - 8?
-11185
In base 4, what is -122 - 11030?
-11212
In base 8, what is 53 + 1434?
1507
In base 13, what is -2 - -88687?
88685
In base 8, what is -11143 - 100?
-11243
In base 13, what is 4 - 65a03?
-659cc
In base 13, what is -3 - 1528c8?
-1528cb
In base 12, what is -4 - -11070?
11068
In base 4, what is 0 - -201111003?
201111003
In base 7, what is 5 - -60612?
60620
In base 9, what is 877861 + -3?
877857
In base 11, what is -5 - -20aa1?
20a97
In base 6, what is 40210 - 45?
40121
In base 3, what is 101 - 221120122?
-221120021
In base 10, what is -59627 + 2?
-59625
In base 13, what is -112 + 217?
105
In base 7, what is 106345 + -120?
106225
In base 9, what is -56361 - 4?
-56365
In base 13, what is 168 - -6a72?
6c0a
In base 8, what is -174043 - 6?
-174051
In base 15, what is 2c5d9 + -11?
2c5c8
In base 2, what is 1110101 + 11011111011?
11101110000
In base 4, what is -32122203233 + 10?
-32122203223
In base 9, what is -5082 - -5?
-5076
In base 8, what is -33 - 11602?
-11635
In base 2, what is -100000110011001 - 11?
-100000110011100
In base 12, what is -a4 - 35?
-119
In base 10, what is -58 + 2852?
2794
In base 7, what is -161 + 54623?
54432
In base 6, what is 211323 - 0?
211323
In base 7, what is 2 - -65545?
65550
In base 5, what is 131 + -2013?
-1332
In base 16, what is -34007 + 0?
-34007
In base 15, what is 1 - c8c6?
-c8c5
In base 6, what is 115 + 404?
523
In base 9, what is 6542 + -75?
6456
In base 12, what is 3 - 16138?
-16135
In base 11, what is 83542 + -3?
8353a
In base 9, what is -23 - -37705?
37672
In base 10, what is -89 + -16289?
-16378
In base 14, what is 1d7dc + -1?
1d7db
In base 4, what is 22 + 2032010?
2032032
In base 9, what is 5 - -1033514?
1033520
In base 8, what is 16015 + 145?
16162
In base 5, what is 1 - 42023?
-42022
In base 4, what is 2302100 - -2013?
2310113
In base 4, what is 1220200 + -10?
1220130
In base 4, what is 0 - -212220211?
212220211
In base 5, what is -2 + -144243?
-144300
In base 6, what is -2130 - 124?
-2254
In base 7, what is -4 + -253312?
-253316
In base 13, what is 1 - 16c83a?
-16c839
In base 8, what is -3 + 2521?
2516
In base 4, what is -2 + -232232?
-232300
In base 13, what is a6 - -92?
168
In base 10, what is -4 + -99930?
-99934
In base 15, what is -aaa + -5?
-ab0
In base 7, what is 12